{"version":"1.0","provider_name":"link2fleet","provider_url":"https:\/\/www.link2fleet.com\/fr\/","author_name":"Marc Demoulin","author_url":"https:\/\/www.link2fleet.com\/fr\/author\/mdemoulin\/","title":"Nouveau CEO pour le Groupe Touring - link2fleet","type":"rich","width":600,"height":338,"html":"<blockquote class=\"wp-embedded-content\" data-secret=\"qqKlBSVmnE\"><a href=\"https:\/\/www.link2fleet.com\/fr\/nouveau-ceo-pour-le-groupe-touring\/\">Nouveau CEO pour le Groupe Touring<\/a><\/blockquote><iframe sandbox=\"allow-scripts\" security=\"restricted\" src=\"https:\/\/www.link2fleet.com\/fr\/nouveau-ceo-pour-le-groupe-touring\/embed\/#?secret=qqKlBSVmnE\" width=\"600\" height=\"338\" title=\"\u00ab\u00a0Nouveau CEO pour le Groupe Touring\u00a0\u00bb &#8212; link2fleet\" data-secret=\"qqKlBSVmnE\" frameborder=\"0\" marginwidth=\"0\" marginheight=\"0\" scrolling=\"no\" class=\"wp-embedded-content\"><\/iframe><script>\n\/*! This file is auto-generated *\/\n!function(d,l){\"use strict\";l.querySelector&&d.addEventListener&&\"undefined\"!=typeof URL&&(d.wp=d.wp||{},d.wp.receiveEmbedMessage||(d.wp.receiveEmbedMessage=function(e){var t=e.data;if((t||t.secret||t.message||t.value)&&!\/[^a-zA-Z0-9]\/.test(t.secret)){for(var s,r,n,a=l.querySelectorAll('iframe[data-secret=\"'+t.secret+'\"]'),o=l.querySelectorAll('blockquote[data-secret=\"'+t.secret+'\"]'),c=new RegExp(\"^https?:$\",\"i\"),i=0;i<o.length;i++)o[i].style.display=\"none\";for(i=0;i<a.length;i++)s=a[i],e.source===s.contentWindow&&(s.removeAttribute(\"style\"),\"height\"===t.message?(1e3<(r=parseInt(t.value,10))?r=1e3:~~r<200&&(r=200),s.height=r):\"link\"===t.message&&(r=new URL(s.getAttribute(\"src\")),n=new URL(t.value),c.test(n.protocol))&&n.host===r.host&&l.activeElement===s&&(d.top.location.href=t.value))}},d.addEventListener(\"message\",d.wp.receiveEmbedMessage,!1),l.addEventListener(\"DOMContentLoaded\",function(){for(var e,t,s=l.querySelectorAll(\"iframe.wp-embedded-content\"),r=0;r<s.length;r++)(t=(e=s[r]).getAttribute(\"data-secret\"))||(t=Math.random().toString(36).substring(2,12),e.src+=\"#?secret=\"+t,e.setAttribute(\"data-secret\",t)),e.contentWindow.postMessage({message:\"ready\",secret:t},\"*\")},!1)))}(window,document);\n\/\/# sourceURL=https:\/\/www.link2fleet.com\/wp-includes\/js\/wp-embed.min.js\n<\/script>\n","thumbnail_url":"https:\/\/static.link2fleet.com\/wp-content\/uploads\/2024\/03\/bruno-de-thibault.png","thumbnail_width":400,"thumbnail_height":300,"description":"Thierry Willemarck devient Vice-Pr\u00e9sident du Touring Club Royal de Belgique et continuera \u00e0 exercer son mandat \u00e0 la F\u00e9d\u00e9ration Internationale de l\u2019Automobile comme Pr\u00e9sident d\u00e9l\u00e9gu\u00e9 \u00e0 la Mobilit\u00e9 Automobile et au Tourisme. Avec l\u2019ensemble des collaborateurs, et le Conseil d\u2019Administration, il vise le renforcement de Touring comme leader de la mobilit\u00e9 en Belgique, en s\u2019axant [&hellip;]"}

Thierry Willemarck devient Vice-Président du Touring Club Royal de Belgique et continuera à exercer son mandat à la Fédération Internationale de l’Automobile comme Président délégué à la Mobilité Automobile et au Tourisme. Avec l’ensemble des collaborateurs, et le Conseil d’Administration, il vise le renforcement de Touring comme leader de la mobilité en Belgique, en s’axant [&hellip;]
