{"version":"1.0","provider_name":"link2fleet","provider_url":"https:\/\/www.link2fleet.com\/fr\/","author_name":"Kevin Kersemans","author_url":"https:\/\/www.link2fleet.com\/fr\/author\/kkersemans\/","title":"Nouveau Ford Transit Connect: aussi en PHEV - link2fleet","type":"rich","width":600,"height":338,"html":"<blockquote class=\"wp-embedded-content\" data-secret=\"SJSKgYfC5b\"><a href=\"https:\/\/www.link2fleet.com\/fr\/nouveau-ford-transit-connect-aussi-en-phev\/\">Nouveau Ford Transit Connect: aussi en PHEV<\/a><\/blockquote><iframe sandbox=\"allow-scripts\" security=\"restricted\" src=\"https:\/\/www.link2fleet.com\/fr\/nouveau-ford-transit-connect-aussi-en-phev\/embed\/#?secret=SJSKgYfC5b\" width=\"600\" height=\"338\" title=\"\u00ab\u00a0Nouveau Ford Transit Connect: aussi en PHEV\u00a0\u00bb &#8212; link2fleet\" data-secret=\"SJSKgYfC5b\" frameborder=\"0\" marginwidth=\"0\" marginheight=\"0\" scrolling=\"no\" class=\"wp-embedded-content\"><\/iframe><script>\n\/*! This file is auto-generated *\/\n!function(d,l){\"use strict\";l.querySelector&&d.addEventListener&&\"undefined\"!=typeof URL&&(d.wp=d.wp||{},d.wp.receiveEmbedMessage||(d.wp.receiveEmbedMessage=function(e){var t=e.data;if((t||t.secret||t.message||t.value)&&!\/[^a-zA-Z0-9]\/.test(t.secret)){for(var s,r,n,a=l.querySelectorAll('iframe[data-secret=\"'+t.secret+'\"]'),o=l.querySelectorAll('blockquote[data-secret=\"'+t.secret+'\"]'),c=new RegExp(\"^https?:$\",\"i\"),i=0;i<o.length;i++)o[i].style.display=\"none\";for(i=0;i<a.length;i++)s=a[i],e.source===s.contentWindow&&(s.removeAttribute(\"style\"),\"height\"===t.message?(1e3<(r=parseInt(t.value,10))?r=1e3:~~r<200&&(r=200),s.height=r):\"link\"===t.message&&(r=new URL(s.getAttribute(\"src\")),n=new URL(t.value),c.test(n.protocol))&&n.host===r.host&&l.activeElement===s&&(d.top.location.href=t.value))}},d.addEventListener(\"message\",d.wp.receiveEmbedMessage,!1),l.addEventListener(\"DOMContentLoaded\",function(){for(var e,t,s=l.querySelectorAll(\"iframe.wp-embedded-content\"),r=0;r<s.length;r++)(t=(e=s[r]).getAttribute(\"data-secret\"))||(t=Math.random().toString(36).substring(2,12),e.src+=\"#?secret=\"+t,e.setAttribute(\"data-secret\",t)),e.contentWindow.postMessage({message:\"ready\",secret:t},\"*\")},!1)))}(window,document);\n\/\/# sourceURL=https:\/\/www.link2fleet.com\/wp-includes\/js\/wp-embed.min.js\n<\/script>\n","thumbnail_url":"https:\/\/static.link2fleet.com\/wp-content\/uploads\/2024\/03\/2024-01-30-transit-connect-phev-8449-scaled-1.jpeg","thumbnail_width":2560,"thumbnail_height":1754,"description":"Le Transit Connect en est \u00e0 sa troisi\u00e8me g\u00e9n\u00e9ration. Si \u00e0 l\u2019ext\u00e9rieur, il parait peut-\u00eatre un rien plus classique que son petit fr\u00e8re, le Transit Courier, la diff\u00e9rence avec son pr\u00e9d\u00e9cesseur est bien marqu\u00e9e. La plus importante est certainement le volume de chargement agrandi de cette camionnette compacte. Il s\u2019\u00e9l\u00e8ve \u00e0 3,1 m3 sur la [&hellip;]"}

Le Transit Connect en est à sa troisième génération. Si à l’extérieur, il parait peut-être un rien plus classique que son petit frère, le Transit Courier, la différence avec son prédécesseur est bien marquée. La plus importante est certainement le volume de chargement agrandi de cette camionnette compacte. Il s’élève à 3,1 m3 sur la [&hellip;]
