{"version":"1.0","provider_name":"link2fleet","provider_url":"https:\/\/www.link2fleet.com\/fr\/","author_name":"Jeroen Evens","author_url":"https:\/\/www.link2fleet.com\/fr\/author\/jevens\/","title":"Volvo: \u00ab\u202fImmerger les clients dans l\u2019univers Volvo\u202f\u00bb - link2fleet","type":"rich","width":600,"height":338,"html":"<blockquote class=\"wp-embedded-content\" data-secret=\"04eBrmgVb9\"><a href=\"https:\/\/www.link2fleet.com\/fr\/volvo-immerger-les-clients-dans-lunivers-volvo\/\">Volvo: \u00ab\u202fImmerger les clients dans l\u2019univers Volvo\u202f\u00bb<\/a><\/blockquote><iframe sandbox=\"allow-scripts\" security=\"restricted\" src=\"https:\/\/www.link2fleet.com\/fr\/volvo-immerger-les-clients-dans-lunivers-volvo\/embed\/#?secret=04eBrmgVb9\" width=\"600\" height=\"338\" title=\"\u00ab\u00a0Volvo: \u00ab\u202fImmerger les clients dans l\u2019univers Volvo\u202f\u00bb\u00a0\u00bb &#8212; link2fleet\" data-secret=\"04eBrmgVb9\" frameborder=\"0\" marginwidth=\"0\" marginheight=\"0\" scrolling=\"no\" class=\"wp-embedded-content\"><\/iframe><script>\n\/*! This file is auto-generated *\/\n!function(d,l){\"use strict\";l.querySelector&&d.addEventListener&&\"undefined\"!=typeof URL&&(d.wp=d.wp||{},d.wp.receiveEmbedMessage||(d.wp.receiveEmbedMessage=function(e){var t=e.data;if((t||t.secret||t.message||t.value)&&!\/[^a-zA-Z0-9]\/.test(t.secret)){for(var s,r,n,a=l.querySelectorAll('iframe[data-secret=\"'+t.secret+'\"]'),o=l.querySelectorAll('blockquote[data-secret=\"'+t.secret+'\"]'),c=new RegExp(\"^https?:$\",\"i\"),i=0;i<o.length;i++)o[i].style.display=\"none\";for(i=0;i<a.length;i++)s=a[i],e.source===s.contentWindow&&(s.removeAttribute(\"style\"),\"height\"===t.message?(1e3<(r=parseInt(t.value,10))?r=1e3:~~r<200&&(r=200),s.height=r):\"link\"===t.message&&(r=new URL(s.getAttribute(\"src\")),n=new URL(t.value),c.test(n.protocol))&&n.host===r.host&&l.activeElement===s&&(d.top.location.href=t.value))}},d.addEventListener(\"message\",d.wp.receiveEmbedMessage,!1),l.addEventListener(\"DOMContentLoaded\",function(){for(var e,t,s=l.querySelectorAll(\"iframe.wp-embedded-content\"),r=0;r<s.length;r++)(t=(e=s[r]).getAttribute(\"data-secret\"))||(t=Math.random().toString(36).substring(2,12),e.src+=\"#?secret=\"+t,e.setAttribute(\"data-secret\",t)),e.contentWindow.postMessage({message:\"ready\",secret:t},\"*\")},!1)))}(window,document);\n\/\/# sourceURL=https:\/\/www.link2fleet.com\/wp-includes\/js\/wp-embed.min.js\n<\/script>\n","thumbnail_url":"https:\/\/static.link2fleet.com\/wp-content\/uploads\/2024\/03\/283690-volvo-concept-recharge-scaled-1.jpg","thumbnail_width":2560,"thumbnail_height":1437,"description":"La strat\u00e9gie de Volvo est claire\u202f: d\u00e9sormais le focus est sur l\u2019\u00e9lectrification. Une fois n\u2019est pas coutume, la marque a d\u00e9cid\u00e9 d\u2019organiser un \u00e9v\u00e9nement un peu diff\u00e9rent pour ses clients fleet. \u00ab\u202fIl ne s\u2019agit pas d\u2019inviter tous nos clients le m\u00eame jour et de leur proposer un essai de nos mod\u00e8les\u202f\u00bb, expose Roeland Vriens, Fleet [&hellip;]"}

La stratégie de Volvo est claire : désormais le focus est sur l’électrification. Une fois n’est pas coutume, la marque a décidé d’organiser un événement un peu différent pour ses clients fleet. « Il ne s’agit pas d’inviter tous nos clients le même jour et de leur proposer un essai de nos modèles », expose Roeland Vriens, Fleet [&hellip;]
